t are the prime factors of 2087718656?
2, 61, 133691
What are the prime factors of 74978457?
3, 617, 40507
List the prime factors of 311540021.
13, 193, 227, 547
What are the prime factors of 1413919320?
2, 3, 5, 11, 1071151
What are the prime factors of 2827036920?
2, 3, 5, 41, 59, 9739
List the prime factors of 52202419.
31, 1683949
List the prime factors of 138845132.
2, 5323, 6521
List the prime factors of 147225933.
3, 17, 971, 991
List the prime factors of 70847722.
2, 11, 3220351
What are the prime factors of 20762689?
20762689
What are the prime factors of 266453365?
5, 2917, 18269
List the prime factors of 271813593.
3, 397, 228223
List the prime factors of 47281745.
5, 7, 29, 37, 1259
What are the prime factors of 32050665?
3, 5, 712237
List the prime factors of 3301992982.
2, 1650996491
List the prime factors of 43266149.
467, 92647
List the prime factors of 1085408054.
2, 211, 2572057
What are the prime factors of 2658901938?
2, 3, 7, 11, 1327, 4337
What are the prime factors of 2110265819?
2110265819
List the prime factors of 1581420499.
23, 79, 599, 1453
List the prime factors of 188763132.
2, 3, 211, 74551
What are the prime factors of 294661626?
2, 3, 7, 79, 88807
List the prime factors of 420527800.
2, 5, 7, 11, 47, 83
List the prime factors of 4420911813.
3, 1473637271
List the prime factors of 273959386.
2, 17, 8057629
What are the prime factors of 79199852?
2, 2797, 7079
What are the prime factors of 135467692?
2, 33866923
What are the prime factors of 640935536?
2, 3907, 10253
List the prime factors of 886603768.
2, 37, 61, 49103
What are the prime factors of 301666305?
3, 5, 20111087
What are the prime factors of 1060661259?
3, 7, 523, 32191
List the prime factors of 1759940487.
3, 17, 29, 109, 1213
What are the prime factors of 26656485?
3, 5, 503, 3533
List the prime factors of 71359089.
3, 23786363
List the prime factors of 114394098.
2, 3, 7, 13, 19, 11027
What are the prime factors of 645085405?
5, 97, 1330073
What are the prime factors of 379377735?
3, 5, 11, 2299259
What are the prime factors of 1985925839?
17, 4651, 25117
What are the prime factors of 43920087?
3, 23, 31, 20533
List the prime factors of 137919993.
3, 19, 59, 41011
List the prime factors of 1952925990.
2, 3, 5, 127, 512579
List the prime factors of 3607770.
2, 3, 5, 241, 499
List the prime factors of 425528754.
2, 3, 7, 31, 317, 1031
List the prime factors of 3096797868.
2, 3, 137, 293, 2143
List the prime factors of 749386771.
7, 19, 101, 55787
List the prime factors of 31400724.
2, 3, 347, 7541
List the prime factors of 282420905.
5, 13, 59, 73643
List the prime factors of 1368666015.
3, 5, 1459, 62539
What are the prime factors of 207681226?
2, 103840613
List the prime factors of 6388283.
11, 271, 2143
What are the prime factors of 312802727?
199, 1571873
List the prime factors of 114234859.
19, 23, 261407
What are the prime factors of 47044784?
2, 1297, 2267
What are the prime factors of 401854783?
11, 4903, 7451
What are the prime factors of 2853432?
2, 3, 39631
List the prime factors of 121768039.
191, 637529
What are the prime factors of 75315816?
2, 3, 1046053
List the prime factors of 1509217819.
71, 977, 21757
List the prime factors of 2461739801.
2461739801
List the prime factors of 2670704483.
233, 11462251
List the prime factors of 30627056.
2, 727, 2633
What are the prime factors of 1850233903?
7, 5647, 46807
List the prime factors of 40430874.
2, 3, 11, 612589
What are the prime factors of 104629941?
3, 13, 19, 29, 541
List the prime factors of 1154044145.
5, 4999, 46171
What are the prime factors of 926839569?
3, 389, 794207
What are the prime factors of 324538819?
11, 593, 4523
What are the prime factors of 3304233376?
2, 103257293
What are the prime factors of 1619499225?
3, 5, 21593323
What are the prime factors of 59350243?
19, 353, 8849
List the prime factors of 375082319.
149, 463, 5437
What are the prime factors of 838934526?
2, 3, 313, 446717
List the prime factors of 724904661.
3, 13, 18587299
What are the prime factors of 1243515651?
3, 7, 59215031
What are the prime factors of 705031039?
41, 3109, 5531
What are the prime factors of 324021983?
67, 4836149
What are the prime factors of 195575074?
2, 233, 283, 1483
List the prime factors of 80825737.
239, 338183
What are the prime factors of 234624105?
3, 5, 1811, 2879
List the prime factors of 822968062.
2, 7, 17, 3457849
What are the prime factors of 2700345558?
2, 3, 97, 229, 20261
What are the prime factors of 149257278?
2, 3, 8292071
What are the prime factors of 321863?
37, 8699
What are the prime factors of 9668886?
2, 3, 17, 94793
List the prime factors of 206303130.
2, 3, 5, 11, 208387
What are the prime factors of 37318276?
2, 571, 16339
What are the prime factors of 68796423?
3, 7644047
What are the prime factors of 152602927?
19, 71, 113123
What are the prime factors of 373061601?
3, 11, 3768299
What are the prime factors of 1037582131?
17, 43, 97, 14633
List the prime factors of 129567559.
11, 127, 163, 569
List the prime factors of 1288645281.
3, 7, 11, 2087
What are the prime factors of 12002974?
2, 97, 61871
What are the prime factors of 42956617?
11, 23, 169789
What are the prime factors of 8320577038?
2, 47, 88516777
List the prime factors of 2472787110.
2, 3, 5, 19, 4338223
What are the prime factors of 27659150?
2, 5, 641, 863
What are the prime factors of 37893545?
5, 7578709
List the prime factors of 355326301.
11, 643, 4567
What are the prime factors of 517971271?
107, 439, 11027
What are the prime factors of 121807547?
853, 142799
What are the prime factors of 38223149?
61, 626609
List the prime factors of 13066520.
2, 5, 326663
List the prime factors of 171281038.
2, 2837, 30187
What are the prime factors of 6562710933?
3, 29, 2467, 30577
List the prime factors of 52743688.
2, 6592961
What are the prime factors of 208612159?
7, 4257391
List the prime factors of 524492126.
2, 17, 227, 67957
What are the prime factors of 990455215?
5, 691, 286673
What are the prime factors of 105255028?
2, 443, 59399
List the prime factors of 672093389.
11, 61099399
List the prime factors of 66977398.
2, 103, 325133
What are the prime factors of 982018136?
2, 11, 11159297
List the prime factors of 4599922421.
23, 199996627
List the prime factors of 3741366703.
19, 37, 277, 19213
List the prime factors of 54142288.
2, 3383893
List the prime factors of 13504386.
2, 3, 7, 67, 4799
What are the prime factors of 2015363475?
3, 5, 31, 113, 2557
List the prime factors of 4351482109.
13, 257, 1302449
What are the prime factors of 165151689?
3, 127, 433469
List the prime factors of 92985433.
167, 556799
List the prime factors of 52961901.
3, 109, 149, 1087
List the prime factors of 693641184.
2, 3, 7225429
What are the prime factors of 544090044?
2, 3, 45340837
What are the prime factors of 35276705?
5, 71, 99371
What are the prime factors of 2214530559?
3, 233, 1056047
List the prime factors of 3547460.
2, 5, 7, 25339
What are the prime factors of 701056695?
3, 5, 46737113
What are the prime factors of 253799038?
2, 126899519
What are the prime factors of 3486181448?
2, 101, 4314581
List the prime factors of 18142178.
2, 109, 83221
List the prime factors of 546936158.
2, 273468079
List the prime factors of 202070786.
2, 101035393
List the prime factors of 67305153.
3, 23, 191, 5107
List the prime factors of 4380075878.
2, 2190037939
List the prime factors of 94636326.
2, 3, 71, 222151
List the prime factors of 478278278.
2, 239139139
What are the prime factors of 516139034?
2, 258069517
List the prime factors of 184921082.
2, 6571, 14071
What are the prime factors of 1977349196?
2, 311, 613, 2593
What are the prime factors of 223609055?
5, 83, 538817
What are the prime factors of 1932477590?
2, 5, 8521, 22679
List the prime factors of 111869958.
2, 3, 18644993
List the prime factors of 133622523.
3, 14846947
What are the prime factors of 2538687981?
3, 173, 4891499
List the prime factors of 2737526761.
263, 10408847
List the prime factors of 3277190937.
3, 1092396979
List the prime factors of 2193082914.
2, 3, 11, 107, 310547
What are the prime factors of 1184540913?
3, 179, 735283
What are the prime factors of 1740251471?
7, 193, 541, 2381
What are the prime factors of 1